 -h*s - 5*o = -5, 3*s = -0*o + o + 17. What is the units digit of d(s)?
2
Let o(l) = 11*l - 55. Let f be o(5). What is the units digit of (-1)/((30/(-13410))/(f - -1))?
7
Let z(v) = -34*v**3 + 41*v**2 + 332*v - 24. What is the thousands digit of z(-6)?
6
Let j(s) = -s**3 - s**2 + s - 2. Let b(d) = 5*d**3 + 17*d**2 - 15*d + 29. Let q(k) = -b(k) - 4*j(k). What is the hundreds digit of q(-18)?
4
What is the thousands digit of (-1 + 2)/(0 + 7 + (-383346)/54765)?
6
Let w(g) = 27*g**2 - 2*g. Let v be w(-1). What is the hundreds digit of 87/2*(v - 19)?
4
Suppose 15*o = -21*o + 8*o + 2350432. What is the thousands digit of o?
3
Suppose -162*l + 3*w = -164*l + 24037, -l = -5*w - 12051. What is the thousands digit of l?
2
What is the ten thousands digit of 45522 - (-30)/(-20)*60/18?
4
What is the hundreds digit of 7 + (-301)/42 + (-16111)/(-6)?
6
Let f be 5 + 1245 + (9 - 2). Let t = f - 165. What is the hundreds digit of t?
0
Suppose -d + 24 = 19. Suppose -20 = -2*f - 2*s, 0*f + 26 = d*f - s. Suppose -3*l - f*r = -r - 44, 0 = 4*l + 5*r - 62. What is the tens digit of l?
1
What is the ten thousands digit of 2798*(-35)/(-2)*(-222)/(-777)?
1
Let f(k) = 3*k + 5. Let y be ((-2)/6)/(-2*1/(-6)). Let g be (y - 0)*12*10/(-15). What is the tens digit of f(g)?
2
Let h(l) = l + 3. Let y be h(6). Let d(j) = 3*j - 18. Let m be d(y). Suppose 342 + 288 = m*b. What is the units digit of b?
0
What is the tens digit of ((-2380)/(-34) + -11)/((-1)/(-17))?
0
Let s = 1735 - 1461. What is the hundreds digit of s?
2
Let m = 9394 - -3890. What is the thousands digit of m?
3
Suppose 24 = 4*g, -12*g + 124664 = 2*c - 13*g. What is the units digit of c?
5
Let h = -21 - -44. Let t = h - -10. What is the units digit of 2/((-6)/(-3))*t?
3
Suppose 10*i - 101409 - 87532 = 10359. What is the tens digit of i?
3
Let l(u) = 723*u**3 - u**2 - 4*u + 5. Let r = 554 - 553. What is the tens digit of l(r)?
2
What is the thousands digit of (-99)/6*(6 - (-5)/((-45)/14808))?
7
Let c be (1554/(-185))/(1 - (-26)/(-20)). What is the units digit of 557 + c/(-16)*-4?
4
Suppose 0 = -m + 4*h + 11439, -60291 + 14421 = -4*m - 3*h. What is the units digit of m?
3
Let h = -329 + 1357. Let b = h - 549. What is the tens digit of b?
7
Let n = 13477 - -4280. What is the thousands digit of n?
7
Suppose 19173 = -4*s - 3*q, -4*s - 4788 = -3*s - q. What is the units digit of s/(-6) + -4 + 7/(-14)?
4
Suppose 83*r - 1429200 = -49*r - 18*r. What is the units digit of r?
8
Let f be (10/4)/(-5)*44. Let k be ((-188)/(-5))/(f/(-55)). Let d = -66 + k. What is the units digit of d?
8
Let v(u) = -311*u - 129. What is the units digit of v(-19)?
0
Let i(f) = 6*f**2 + 59*f + 1515. What is the hundreds digit of i(95)?
2
Suppose -3502150 = -99*v + 10*v. What is the ten thousands digit of v?
3
What is the hundreds digit of (6 - (-25806)/(-15))/((-54)/135)?
2
Let d(g) = 8*g**2 - 2*g - 43. Let r(a) = 2*a - 20. Let y be r(7). What is the hundreds digit of d(y)?
2
Suppose -15 = -3*z - 3. Let b be (-5)/((-10)/652)*(-2)/z. Let y = -62 - b. What is the tens digit of y?
0
Let q(b) = 230*b**2 - 50*b - 50. What is the thousands digit of q(-6)?
8
Suppose -162 = -5*t - o + 344, 0 = t - 4*o - 118. Let h be (-1)/(-4) - (9/8*-6 + -5). Let d = t - h. What is the tens digit of d?
9
Let d = -503 + 505. Suppose -5*g = -u - u + 1185, 5*u - 2948 = -d*g. What is the tens digit of u?
9
Let x(q) = 77*q**2 - 8*q + 1. Let c(t) = -116*t**2 + 12*t - 2. Let g(r) = 5*c(r) + 8*x(r). Let i be 6 - 1/2*14. What is the units digit of g(i)?
8
Let g(h) = 27796*h + 10. What is the thousands digit of g(2)?
5
Let h(j) = 360*j - 81. What is the units digit of h(6)?
9
Suppose -3*l - 9*l + 131 + 70777 = 0. What is the hundreds digit of l?
9
Let i = 4035 + 7722. What is the hundreds digit of i?
7
Let b = 40 - -387. Suppose -b*n = -426*n - 1053. What is the hundreds digit of n?
0
Let b(m) = 13655*m + 6979. What is the hundreds digit of b(3)?
9
Let j = -19401 - -42467. What is the ten thousands digit of j?
2
Let c = -69 + 74. Let j be (-14)/(-35) - (-18)/c. What is the tens digit of (8/j - -96) + -2?
9
Suppose 2100 + 9789 = 3*u. Suppose -u = -10*m + 16637. Suppose -12*h + 184 = -m. What is the units digit of h?
7
Let s be -4*1*(-11 + -13). Suppose j + 231 = -s. Let d = -170 - j. What is the tens digit of d?
5
Let p(v) = -204*v + 496. What is the tens digit of p(-82)?
2
Let x(a) be the second derivative of 3*a**5/20 - a**4/12 + 13*a**3/6 + 6*a**2 + 45*a - 1. What is the units digit of x(5)?
7
Let v be -3*((-39)/(-9))/13. What is the units digit of (392 + 32)*(14/8 + v)?
8
Suppose -5*b = 20, 31*w = 27*w + 3*b + 68400. What is the hundreds digit of w?
0
Suppose -17*m = -7*m - 568160. What is the hundreds digit of m?
8
Let m = 1199 - 731. Let k = 56 - -214. Let b = m - k. What is the tens digit of b?
9
Suppose 0 = -15*z + 27*z - 17976. What is the units digit of z?
8
Suppose 4*f - 64 = 112. Let z = 47 - f. Suppose 132 = z*i - 2*u, -2*i = -4*u + 2*u - 90. What is the units digit of i?
2
Let r(l) = -l - 6. Let o be r(-9). Let n be (o - -275) + -2 + 0. Suppose 10 = -3*y - 2*y, 4*q - n = 4*y. What is the units digit of q?
7
Suppose 0 = -17*x - 11*x - 104245 + 494621. What is the hundreds digit of x?
9
What is the tens digit of 42/140 + (751994/20 - 8)?
9
Let p = 829 + -829. Suppose 5*a - 436 - 19 = p. What is the tens digit of a?
9
What is the units digit of (-280546)/(-84)*(5 - -1)?
9
Suppose 2*f = 5*f - 9. Suppose 1 - f = -j. Suppose -s - 86 = -j*s. What is the tens digit of s?
8
What is the tens digit of (194076/270)/(3/20)?
9
Suppose a + 30 = -2*a. Let c = a - -196. What is the hundreds digit of c?
1
Suppose -9*k - 3*k = -36. Suppose -3*t = k*h - 588, -7*h + 5*t = -5*h - 420. Suppose 15*a = 20*a - h. What is the units digit of a?
0
Let l be 1/7 + 82/14. Suppose -9 = l*y - 9*y. Suppose p - 22 = 5*v, -y*v = 3*p + v - 104. What is the units digit of p?
2
Let v(t) = -28221*t - 4*t**2 - 57 + 9*t**2 + 28203*t. What is the tens digit of v(-8)?
0
Let r = -811 - -466. Let p = 60 - r. What is the tens digit of p?
0
What is the ten thousands digit of -4 + ((-2962143)/(-1116))/(-2*(-6)/160)?
3
Suppose -4*r = -u - 14, 0 = 5*r - 3*u + 4*u - 22. Suppose 0 = -r*i + 4*w + 399 - 1483, 0 = -2*i - 5*w - 570. Let g = -118 - i. What is the units digit of g?
7
Let l(x) = 982*x - 43. What is the units digit of l(2)?
1
Suppose -5*k - 70 = -5*j, 5*j + 2*k + 2*k = 115. Let z(v) = v - 17. Let l be z(j). What is the units digit of 598/4 - l/((-4)/3)?
1
Suppose -5*j = 2*v - 7, v + j = -3*j + 2. Let l(h) = -3*h - 2*h - 90*h**3 + 88*h**3 - v - 4*h**2. What is the units digit of l(-4)?
8
Let t(y) = 77*y - 2. Let f(l) = 116*l - 3. Let c(a) = 5*f(a) - 7*t(a). What is the tens digit of c(3)?
2
Let s(k) = k - 4. Let v be s(3). Let y(o) = -29*o**3 + 4*o**2 + 25*o + 14. Let c be y(-2). What is the hundreds digit of -5*v/5*(2 + c)?
2
Let p be 195*(-1 + (-24)/(-15)). Suppose 3*l + 246 = -b - p, 4*l + 474 = 2*b. Let m = 25 - l. What is the units digit of m?
5
Let r = 15247 + -9181. What is the thousands digit of r?
6
Let x(r) = 18*r**3 - 3*r**2 - 8*r + 7. Suppose 104 = -38*t + 64*t. What is the hundreds digit of x(t)?
0
Let k = 34 - -92. Let s = 128 - k. What is the units digit of s?
2
Let o = 14 - 13. Let d be ((-189)/o)/((-4)/12). Suppose 0 = -4*x + y - 3*y + 438, -4*y - d = -5*x. What is the units digit of x?
1
Suppose 3*h = -4*w - 277, -2*h - 171 = 2*w + 11. Let u = h + 105. Suppose -u = -2*o + 144. What is the units digit of o?
1
Suppose 10 = 5*o, -3*k - 5*o - 1 + 20 = 0. Suppose -2*m = u - 6, 1 + k = 4*m + 4*u. Suppose w + 18 = m*g, -2*w - 3*g + 15 = -14. What is the units digit of w?
7
Let c be 17/(-2) + (-7)/(-14). Let k be c/12 - 844/(-6). Suppose -2*u + 3*j = j - 58, 5*u - k = 4*j. What is the tens digit of u?
2
Let x = -277 - -946. Suppose 236 = q - 4*y, 3*q = -0*q - y + x. What is the units digit of q?
4
Let g = 31 + 12. Let m = 39 - g. What is the units digit of (-402)/m - ((-3)/6 - -2)?
9
Let d(x) be the second derivative of 2*x**3 - 31*x**2 - 8*x - 2. What is the hundreds digit of d(15)?
1
Suppose -3*r = 6*n - 8*n + 21, 0 = r - 2*n + 7. What is the units digit of 8*(-7)/196 + (-7016)/r?
2
Let m(a) = -26*a - 20. Let l = 116 - 121. Let s be m(l). Suppose 0 = -2*z + 2*d + 100, -z = z - 4*d - s. What is the 